r of f and g.
15
Let a be -14*(-13)/((-52)/(-8)). Calculate the greatest common factor of 924 and a.
28
Suppose 339 = 45*l - 201. What is the greatest common factor of l and 93?
3
Suppose 0 = -u + 2, -756 = 3*m - 5*m - 4*u. What is the highest common factor of m and 22?
22
Let a = -161 + 181. Let v be 5/5*(0 + 0). Let k = v + 8. Calculate the highest common factor of a and k.
4
Let r = -321 + 441. Calculate the highest common divisor of 105 and r.
15
Let a = 145 - 131. Let i = 2 + -8. Let p(b) = -b**3 - 7*b**2 - 8*b + 2. Let h be p(i). What is the highest common divisor of a and h?
14
Let t be 4/22 + ((-832)/(-22) - 6). Calculate the highest common factor of 240 and t.
16
Let l = -503 + 504. Let v be (-4)/(0 + -2) + 6. What is the greatest common divisor of l and v?
1
Let f = -251 - 78. Let p = 505 + f. What is the greatest common factor of 16 and p?
16
Suppose -2*i = 12 + 12. Let d = 15 + i. Let k be (d/(-5))/(2/(-40)). What is the highest common divisor of k and 48?
12
Suppose -5*d - 9*h + 13*h + 147 = 0, -2*h = -4*d + 114. Calculate the greatest common factor of 3 and d.
3
Let j(w) = w**3 - 2*w**2 - 2*w - 1. Let d be j(3). Suppose d*p + 10 = 3*p. Let v be -1 - (84/28)/(2/(-54)). What is the greatest common factor of v and p?
10
Let n be 34/(-4)*(6 - -4). Let d = -79 - n. What is the greatest common divisor of 102 and d?
6
Suppose 0 = 5*m - 3*k - 998 + 332, 2*m - 260 = -2*k. Let q = 3 + 9. What is the highest common factor of m and q?
12
Let y be 38 + ((-3)/(-9))/(4/(-60)). Calculate the greatest common divisor of 99 and y.
33
Let u be 9 - 1/((-2)/6). Let t(c) = 31*c**2 + 3*c + 2. Let n be t(-1). Let o be (75/n)/(2/u). What is the highest common factor of 135 and o?
15
Let w = -376 + 384. Suppose -3*s - 2 = 4, -36 = -5*a - 2*s. Calculate the highest common divisor of a and w.
8
Suppose 0 = -2*c - 5*p + 309, 3*c + 4*p - p - 477 = 0. Suppose 4*k - 18 - 158 = 0. Suppose 28 + k = 4*x. What is the highest common divisor of x and c?
18
Suppose 143*k - 145*k + 8 = 0. Let a(l) = -l**3 + 4*l**2 + l. Suppose 3*w - 10 = 2. Let d be a(w). What is the greatest common factor of k and d?
4
Suppose -25*a - 15 = -22*a. Let z(g) = g**2 - 7*g. Let w be z(a). Let x(n) = 13*n**2 - 2*n + 1. Let c be x(1). What is the greatest common divisor of w and c?
12
Suppose 116 = -3*j + 35. Let g be (-2097)/j + 1 + 5/(-3). Calculate the greatest common divisor of g and 7.
7
Let r be (-153)/(-5) + (-6)/10. Let c = 42 - r. Suppose -18 = -h + c. Calculate the highest common factor of h and 12.
6
Suppose 0 = 40*b + 12*b - 1560. What is the greatest common factor of b and 615?
15
Suppose -704 = -20*r + 16*r. Calculate the highest common factor of 22 and r.
22
Suppose -n + 10 = -3*m + 1, 2*m = 5*n - 6. Suppose n = 4*z + 3*t - 204, 0*z - 4*t + 256 = 5*z. Let v = 0 - -6. What is the highest common divisor of v and z?
6
Let i = 69 + -23. Let f(u) = 3*u**3 - 2*u**2 - 3. Let o be f(5). What is the greatest common divisor of i and o?
46
Let b be ((-32)/(-1) - 4) + 4. Let q = -36 - -52. Calculate the greatest common factor of b and q.
16
Suppose 120 = -3*u + 8*u. Suppose 0 = 6*r - 9*r + 216. What is the greatest common factor of u and r?
24
Let w(j) = 7*j + 84. Let h be w(-2). What is the greatest common divisor of 490 and h?
70
Suppose 18*s - 2*s - 400 = 0. What is the greatest common divisor of s and 1?
1
Let t be (6/(-9))/(4/(-78)). Suppose -5*n = 2*q - 68, -2*q = -n + 3 + t. Suppose -18 = -4*v + n. Calculate the greatest common divisor of v and 88.
8
Let c(p) = -p**2 - 12*p - 9. Let z be c(-8). Let v(t) = 2*t**2 + 4*t - 2. Let i be v(4). What is the highest common factor of i and z?
23
Let x = 12 - 7. Let u = 3 + -1. Let o be 1 + -1 + u + 3. What is the greatest common factor of o and x?
5
Suppose 0 = -5*r + 2988 + 2537. What is the highest common divisor of r and 34?
17
Let p be (500/120)/(1/42). Calculate the highest common factor of 50 and p.
25
Let c = -1099 + 1103. What is the greatest common divisor of c and 46?
2
Let y be 366/6 + (-6)/2. Let m = -481 + 510. What is the greatest common factor of y and m?
29
Suppose -11*a + 3*a = 0. Suppose a = -2*m - 3*i + 23 + 12, -47 = -2*m + i. Suppose 4*n - 42 = 2. Calculate the greatest common divisor of n and m.
11
Let g(r) = -2*r - 7. Let v be g(-6). Suppose v*d + 4 - 20 = z, -12 = -3*d + 3*z. Suppose -d*t + 6 = -6. What is the greatest common divisor of t and 36?
4
Suppose 595 = 8*r - 3*r. Let n be 6/(-10) + (-7)/5. Let k be (n + (-11)/3)*-3. What is the greatest common divisor of k and r?
17
Let x(d) = d**3 + 10*d**2 + d + 5. Let q be -7 - (3 + -3)/2. Let f be x(q). Calculate the highest common divisor of 58 and f.
29
Suppose 0 = -4*n - n. Let d be -1*(n - 212/4). Let p = -7 + d. What is the greatest common divisor of p and 23?
23
Let r(m) = -m**2 - 10*m - 7. Let l be r(-10). Let d = l - -3. Let k be 3/12 + (-23)/d. Calculate the highest common divisor of 48 and k.
6
Let g(d) = -3*d + 12. Let k be g(1). Calculate the highest common factor of k and 153.
9
Suppose 0 = 4*q - 2*r - 16, q - 9 = -0*q - 2*r. Let b(t) = -t + 13. Let a be b(6). Let y be (-3)/a - (-114)/21. What is the greatest common divisor of q and y?
5
Suppose g = -3*g + 12. Suppose g*m - 9 = 0, -6 = 3*a - m - 3. Suppose a = -17*p + 16*p + 4. What is the greatest common divisor of p and 4?
4
Let l(p) = -p - 2. Let q be l(-3). Let d be q/(-1)*(2 + -154)/4. Let a(z) = 4*z**2 + z + 1. Let g be a(-7). Calculate the greatest common divisor of g and d.
38
Let t = 78 + -68. Let r = -7 - -21. Suppose 3*j + 4*w - r + 4 = 0, -5*j = 2*w - 40. What is the greatest common factor of j and t?
10
Suppose 3*c - 2*k + 5 = 0, 4*c + 0*c + 5*k - 24 = 0. Let i(m) = 3*m + 10. Let x be i(7). Let b = x - 20. What is the greatest common factor of c and b?
1
Suppose -21*t + 25*t - 80 = 0. Suppose 19*p = t*p - 24. Calculate the highest common factor of p and 24.
24
Let p = 2405 + -2350. Calculate the greatest common divisor of p and 15.
5
Let f = 518 - 514. Let g = 35 + -23. Calculate the greatest common factor of g and f.
4
Let c be 0 + 1 - (-3 - -2). Suppose -c*z + 375 = 3*z. Let v be 50*(-10)/z*-6. Calculate the greatest common factor of 16 and v.
8
Suppose -20*t - 279 = -9719. Calculate the greatest common divisor of 59 and t.
59
Let x = 229 - 215. Calculate the greatest common divisor of 175 and x.
7
Let h(a) = -a**3 + 8*a**2 + 17*a - 14. Let y be h(9). What is the highest common divisor of y and 1711?
29
Let j(s) = s + 9. Let f be j(7). Suppose -3*g + 240 = 2*g. Let a be (1 - -31)*g/12. What is the highest common factor of a and f?
16
Let y(a) = -a**2 - 2*a + 71. Let g be y(5). What is the greatest common factor of 27 and g?
9
Let c = 22 - 10. Let u be c - (0 + 0 + -4). Calculate the highest common factor of u and 4.
4
Suppose 23*n = 30*n + 84. Let u(i) be the first derivative of -i**2/2 + i + 2. Let h be u(n). What is the highest common divisor of 13 and h?
13
Suppose 4*h - 4 = 0, -2*p + 292 = p - 5*h. Let c = 31 + -20. Calculate the highest common factor of p and c.
11
Let u = 53 - -46. Suppose 0 = -z + 5*i - 0*i + u, i - 1 = 0. Suppose 0*h = 4*h - z. What is the highest common divisor of 39 and h?
13
Let o(c) = c**3 + 8*c**2 + 5*c - 6. Let w = -14 - -9. Let b be o(w). Let h = -85 + 151. Calculate the greatest common divisor of h and b.
22
Let c(l) = 251*l**3 + l**2 + 3*l - 5. Let j be c(3). Let w be 28/(-182) - j/(-26). Calculate the greatest common factor of 29 and w.
29
Let s(i) = i**2 + 2*i - 3. Let j be s(0). Let n be (4/(-4) - j) + 68. Calculate the greatest common factor of 14 and n.
14
Suppose 0 = -3*w - h - h + 4, w = -4*h - 2. Suppose n + w*n = 39. Calculate the highest common divisor of 26 and n.
13
Suppose -12*h = -15*h + 18. Let i(y) = 6*y**2 + y**3 - 2*y**3 + 7*y + 0*y**3 + 6. Let t be i(7). Calculate the highest common factor of t and h.
6
Let h = -111 + 575. What is the greatest common divisor of h and 48?
16
Let z(y) = -2*y - 2. Let h be z(-19). Suppose -k + 9 = -0*t + 2*t, 27 = 3*k - 3*t. What is the greatest common divisor of k and h?
9
Suppose 0 = 5*z - 25, -45 = -2*u - 4*z + 157. Let i be 2/(30/26 + -1). What is the greatest common factor of i and u?
13
Suppose -v + 2*w - 2 = -2*w, -4*w - 38 = -5*v. Let c = v - 4. Suppose t - 15 = -o - 3*t, 0 = -2*o + 4*t - 6. What is